of 1481.
1481
What are the prime factors of 160?
2, 5
What are the prime factors of 3905?
5, 11, 71
What are the prime factors of 1645?
5, 7, 47
List the prime factors of 1267.
7, 181
List the prime factors of 86006.
2, 43003
List the prime factors of 4358.
2, 2179
What are the prime factors of 37?
37
List the prime factors of 141336.
2, 3, 13, 151
List the prime factors of 74363.
74363
What are the prime factors of 6726?
2, 3, 19, 59
List the prime factors of 29376.
2, 3, 17
What are the prime factors of 12092?
2, 3023
What are the prime factors of 5006?
2, 2503
What are the prime factors of 90?
2, 3, 5
What are the prime factors of 50063?
13, 3851
List the prime factors of 355.
5, 71
What are the prime factors of 16759?
16759
What are the prime factors of 62669?
29, 2161
List the prime factors of 63430.
2, 5, 6343
List the prime factors of 419.
419
What are the prime factors of 2694?
2, 3, 449
List the prime factors of 2566.
2, 1283
What are the prime factors of 38169?
3, 4241
List the prime factors of 118521.
3, 13, 1013
What are the prime factors of 11218?
2, 71, 79
What are the prime factors of 321?
3, 107
List the prime factors of 1218.
2, 3, 7, 29
What are the prime factors of 4130?
2, 5, 7, 59
List the prime factors of 173685.
3, 5, 11579
List the prime factors of 9370.
2, 5, 937
What are the prime factors of 15632?
2, 977
What are the prime factors of 21241?
11, 1931
What are the prime factors of 75658?
2, 11, 19, 181
List the prime factors of 19929.
3, 7, 13, 73
List the prime factors of 27696.
2, 3, 577
List the prime factors of 485.
5, 97
List the prime factors of 52631.
52631
What are the prime factors of 3062?
2, 1531
List the prime factors of 1529.
11, 139
What are the prime factors of 1015?
5, 7, 29
What are the prime factors of 10844?
2, 2711
What are the prime factors of 36801?
3, 29, 47
List the prime factors of 2592.
2, 3
What are the prime factors of 104046?
2, 3, 17341
What are the prime factors of 42293?
42293
What are the prime factors of 19283?
11, 1753
List the prime factors of 110692.
2, 27673
What are the prime factors of 41705?
5, 19, 439
List the prime factors of 15750.
2, 3, 5, 7
List the prime factors of 3547.
3547
List the prime factors of 570.
2, 3, 5, 19
What are the prime factors of 1361?
1361
List the prime factors of 6946.
2, 23, 151
What are the prime factors of 20009?
11, 17, 107
List the prime factors of 2293.
2293
List the prime factors of 1159.
19, 61
List the prime factors of 138.
2, 3, 23
List the prime factors of 5122.
2, 13, 197
List the prime factors of 1424.
2, 89
What are the prime factors of 115811?
115811
What are the prime factors of 13274?
2, 6637
What are the prime factors of 30101?
31, 971
List the prime factors of 51431.
51431
List the prime factors of 15922.
2, 19, 419
What are the prime factors of 353?
353
List the prime factors of 1501.
19, 79
What are the prime factors of 388?
2, 97
List the prime factors of 6036.
2, 3, 503
What are the prime factors of 1364?
2, 11, 31
What are the prime factors of 5580?
2, 3, 5, 31
List the prime factors of 1649.
17, 97
What are the prime factors of 2070?
2, 3, 5, 23
What are the prime factors of 979?
11, 89
List the prime factors of 26667.
3, 2963
What are the prime factors of 1009?
1009
List the prime factors of 753.
3, 251
List the prime factors of 22170.
2, 3, 5, 739
List the prime factors of 3299.
3299
List the prime factors of 1082.
2, 541
List the prime factors of 72885.
3, 5, 43, 113
List the prime factors of 6871.
6871
List the prime factors of 1860.
2, 3, 5, 31
What are the prime factors of 57801?
3, 19267
What are the prime factors of 14919?
3, 4973
What are the prime factors of 22095?
3, 5, 491
List the prime factors of 1760.
2, 5, 11
List the prime factors of 17275.
5, 691
What are the prime factors of 641?
641
What are the prime factors of 26413?
61, 433
What are the prime factors of 6684?
2, 3, 557
What are the prime factors of 890?
2, 5, 89
What are the prime factors of 51655?
5, 10331
What are the prime factors of 1921?
17, 113
What are the prime factors of 1237?
1237
What are the prime factors of 164592?
2, 3, 127
List the prime factors of 6884.
2, 1721
List the prime factors of 1885.
5, 13, 29
List the prime factors of 13753.
17, 809
What are the prime factors of 789?
3, 263
What are the prime factors of 4950?
2, 3, 5, 11
What are the prime factors of 739?
739
What are the prime factors of 1481?
1481
List the prime factors of 3145.
5, 17, 37
What are the prime factors of 107?
107
What are the prime factors of 15732?
2, 3, 19, 23
What are the prime factors of 808?
2, 101
List the prime factors of 6029.
6029
What are the prime factors of 40661?
73, 557
List the prime factors of 204.
2, 3, 17
List the prime factors of 7407.
3, 823
What are the prime factors of 1369?
37
List the prime factors of 29903.
17, 1759
List the prime factors of 3307.
3307
List the prime factors of 522.
2, 3, 29
List the prime factors of 45806.
2, 37, 619
What are the prime factors of 50680?
2, 5, 7, 181
List the prime factors of 542.
2, 271
What are the prime factors of 1140?
2, 3, 5, 19
What are the prime factors of 925?
5, 37
List the prime factors of 131277.
3, 43759
What are the prime factors of 94781?
94781
What are the prime factors of 41725?
5, 1669
What are the prime factors of 5532?
2, 3, 461
What are the prime factors of 282?
2, 3, 47
List the prime factors of 4598.
2, 11, 19
List the prime factors of 1349.
19, 71
List the prime factors of 27189.
3, 19, 53
List the prime factors of 647.
647
What are the prime factors of 16692?
2, 3, 13, 107
List the prime factors of 9225.
3, 5, 41
List the prime factors of 43569.
3, 47, 103
What are the prime factors of 23237?
19, 1223
What are the prime factors of 2707?
2707
What are the prime factors of 2054?
2, 13, 79
List the prime factors of 1361.
1361
List the prime factors of 12119.
12119
What are the prime factors of 1197?
3, 7, 19
List the prime factors of 448.
2, 7
List the prime factors of 981.
3, 109
List the prime factors of 970.
2, 5, 97
What are the prime factors of 12610?
2, 5, 13, 97
List the prime factors of 4245.
3, 5, 283
What are the prime factors of 106709?
17, 6277
List the prime factors of 5144.
2, 643
What are the prime factors of 10441?
53, 197
List the prime factors of 10520.
2, 5, 263
List the prime factors of 7828.
2, 19, 103
What are the prime factors of 4219?
4219
List the prime factors of 1263.
3, 421
List the prime factors of 51.
3, 17
What are the prime factors of 141244?
2, 35311
List the prime factors of 12208.
2, 7, 109
What are the prime factors of 4?
2
List the prime factors of 26586.
2, 3, 7, 211
List the prime factors of 3980.
2, 5, 199
What are the prime factors of 23101?
13, 1777
List the prime factors of 90317.
37, 2441
List the prime factors of 17784.
2, 3, 13, 19
List the prime factors of 31538.
2, 13, 1213
What are the prime factors of 799?
17, 47
List the prime factors of 17065.
5, 3413
List the prime factors of 148563.
3, 17, 971
List the prime factors of 1216.
2, 19
What are the prime factors of 2024?
2, 11, 23
List the prime factors of 9839.
9839
What are the prime factors of 2574?
2, 3, 11, 13
List the prime factors of 57163.
57163
List the prime factors of 556.
2, 139
What are the prime factors of 126068?
2, 31517
List the prime factors of 180.
2, 3, 5
List the prime factors of 9487.
53, 179
What are the prime factors of 27306?
2, 3, 37, 41
What are the prime factors of 98312?
2, 12289
List the prime factors of 7710.
2, 3, 5, 257
What are the prime factors of 886?
2, 443
What are the prime factors of 10008?
2, 3, 139
List the prime factors of 1202.
2, 601
What are the prime factors of 144785?
5, 23, 1259
What are the prime factors of 104100?
2, 3, 5, 347
What are the prime factors of 673?
673
What are the prime factors of 14615?
5, 37, 79
What are the prime factors of 63287?
7, 9041
What are the prime factors of 104313?
3, 11, 29, 109
What are the prime factors of 1830?
2, 3, 5, 61
List the prime factors of 5365.
5, 29, 37
What are the prime factors of 4350?
2, 3, 5, 29
List the prime factors of 75897.
3, 937
List the prime factors of 17715.
3, 5, 1181
What are the prime factors of 17708?
2, 19, 233
What are the prime factors of 4806?
2, 3, 89
List the prime 